
1
Suppose -5*p + 3*p + 2 = 0. Suppose x - p = -3*o - 5, x = -o + 2. Suppose 4*d - 2*s - 2*s - 36 = 0, x*s = 2*d - 30. What is the units digit of d?
5
Suppose 3*f = f + 6. Let k = f - -2. Let d = k - -6. What is the tens digit of d?
1
Let n(j) = -14*j + 1 + j - 2*j. Let r(l) = -l - 6. Let y be r(-5). What is the tens digit of n(y)?
1
What is the units digit of 163/7 + (-18)/63?
3
Let y(s) = -3*s - 13. Let a be y(-13). Let v = a + -6. What is the tens digit of v?
2
Suppose -3*n + 7 = 4*p - 9, 0 = -5*p - 2*n + 13. What is the units digit of p?
1
What is the tens digit of 3/(3 + 0)*13?
1
Suppose 5*q = 0, 2*c + 2*c - 4*q = -24. Let o(d) = -d**3 - 6*d**2 - 4*d - 15. What is the units digit of o(c)?
9
Suppose g + n = -3*g + 81, -5*g - 5*n + 105 = 0. Suppose 5*h = -0*h + g. What is the units digit of h?
4
Let r = 19 - -39. What is the units digit of r?
8
Let o be 4/6*(8 - 5). Let u(q) = 11*q**2 + q - 1. What is the tens digit of u(o)?
4
Let q be (-3 + 7)/2 - 4. What is the tens digit of 4/(q - (-11)/5)?
2
Let j = 11 + -4. Let n = 12 - j. What is the units digit of (-3)/((-2)/(n + -3))?
3
Let f(u) = u - 10. Let j be f(4). What is the units digit of j/(1 - (-69)/(-60))?
0
Let c = -6 + 3. Let q = c + 8. Suppose -3*n + 27 = 2*z + 7, 4*z + 4 = q*n. What is the units digit of n?
4
Let r be 2 + 4 - (2 - 2). Let z(p) = -p**3 - 8*p**2 + 10*p + 9. Let a be z(-9). Suppose b + q - r = a, -10 = -3*q - 1. What is the units digit of b?
3
Let a(z) = z**3 - z**2 - 2. Let y be a(2). Suppose -2*w - 60 = y*w. What is the units digit of (-36)/w - 2/5?
2
What is the tens digit of 2*11 - 3/((-9)/(-3))?
2
Suppose 4*c = -0*c - 24. What is the units digit of 0/2 - (c + 2)?
4
Let s = 812 - 427. What is the hundreds digit of s?
3
Suppose 3*f - 3*n - 86 = n, -4*n + 64 = 2*f. What is the units digit of f?
0
Suppose 5*r + 15 = 0, -h - 2*r + 614 = h. What is the units digit of h?
0
Let n(s) = -5*s + 2*s - 5*s + 10*s**2 - s**3 + 2. Let f be n(9). Let z = 16 - f. What is the units digit of z?
5
Let b(s) = -s**3 + 13*s**2 + 8*s - 2. Let w be b(7). Suppose 9*i - w = 3*i. What is the tens digit of i?
5
Suppose -z + 2 = -2. Let a = 9 + z. What is the tens digit of a?
1
Let o(v) = -11*v**2 - 28*v - 27. Let f(y) = -7*y**2 - 19*y - 18. Let i(h) = 8*f(h) - 5*o(h). What is the units digit of i(-9)?
8
Let d(l) = l**2 + 9*l + 10. Let a(x) = -5*x + 2. Let j be a(2). Let m be d(j). Suppose -5*h = 4*i - 7, 20 = -2*h - m*h. What is the units digit of i?
8
Let t = -102 - -166. What is the tens digit of t?
6
Suppose c = q - 65, 5*q + 5*c - 53 = 4*q. What is the units digit of q?
3
Let l = 13 + -6. What is the units digit of l?
7
What is the tens digit of 12*34*1/3?
3
Let d be 3/(-1)*(8 + -5). What is the units digit of (-6)/(-8) - d/4?
3
Let b = 148 - 78. Let h = 119 - b. What is the tens digit of h?
4
Let h(y) = 107*y**2 - 2. What is the hundreds digit of h(-1)?
1
Suppose 0 = -q - 10*q + 330. What is the units digit of q?
0
Let z = 2 + 1. Let s = 11 - z. What is the units digit of s?
8
Let f be 20/6*(-18)/(-15). Suppose -f*g - 42 = -122. What is the tens digit of g?
2
Suppose 0 = -2*x - 2*z - 3*z + 57, 3*x - 4*z - 51 = 0. Suppose 2*s + s = 2*j + 13, -s + 4*j = -x. Suppose s = -b + 5. What is the units digit of b?
4
Suppose -612 = 4*g - 13*g. What is the tens digit of g?
6
Let p(h) = -8*h**3 - 3*h**2 - 4*h - 2. What is the units digit of p(-1)?
7
Let u be (1 + 2)/3 + -2. What is the units digit of (-1 + u)*(2 + -5)?
6
Let u(k) = -2*k - 2. Let r be u(-2). Suppose -w + r = -3. What is the units digit of (-2)/(-10) - (-34)/w?
7
What is the tens digit of 97/((4 - 6)/(-2))?
9
Let x(q) = -q - 20. Let j be x(0). What is the tens digit of (j/25)/(4/(-50))?
1
Let v = 14 + -17. What is the units digit of (-1 - 2) + (-108)/v?
3
Suppose j + 3*b - 19 = 0, 8 = -3*j + b + 3*b. Suppose 5*h = t + 9, -3*t + 0*t - j*h + 68 = 0. What is the tens digit of t?
1
Suppose -4 = 2*m, m - 90 = s - 370. What is the units digit of s?
8
Let q(x) = -x**2 + 16*x + 11. What is the units digit of q(16)?
1
Let h = 90 + -54. Suppose c = -c - 5*b + 82, -c + h = 5*b. What is the units digit of c?
6
Suppose -5*r + 2*q = -24, r = -4*q - 2 - 2. Suppose l + 23 = 2*a, r*a - 32 = a + 2*l. What is the tens digit of a?
1
Let w(y) = -y**2 - 11*y - 8. Let j be w(-9). Let d be 5*((-2)/j + 2). What is the units digit of 115/9 + 2/d?
3
Suppose 98 = -7*q + 8*q. What is the tens digit of q?
9
What is the tens digit of (-21)/49 + 1532/14?
0
Suppose n - l - 133 = 3*l, 160 = n + 5*l. What is the tens digit of n?
4
Suppose 0 = -s - s - 4. Let a(c) be the first derivative of -4*c**2 - 3*c + 5. What is the units digit of a(s)?
3
Suppose -197 + 8 = -3*g. What is the units digit of g?
3
Suppose -3*x = -4*u - 48 - 76, -4*u = 4*x - 212. Suppose -2*w = w - x. What is the tens digit of w?
1
Let m(r) be the third derivative of -11*r**6/120 + r**5/30 - r**3/6 + 2*r**2. Let q be m(1). What is the units digit of q/(-3)*27/6?
5
Let p be (1*(-15 + -1))/1. Let a be (3/2)/(3/p). Let f = 14 + a. What is the units digit of f?
6
Let f = 6 - 1. Suppose -q - 6 = 4*h, -f*q - 7*h = -2*h. What is the units digit of 1 + 0 + q + 2?
5
Let m(y) be the third derivative of -5*y**4/24 + y**3/3 - 2*y**2. Let i be m(-6). Let w = i + -16. What is the units digit of w?
6
Suppose -4*j + 10 - 2 = 0. Let o(f) = 0*f**3 + f**3 + 2 - 2*f**2 + 4*f - 5. What is the units digit of o(j)?
5
Let t(u) = u**2 - 5*u - 4. Let q(d) = -d**2 - 5*d + 7. Let i be q(-5). Let v be t(i). Suppose 4*o - v = -o. What is the units digit of o?
2
Let o be (-3)/(-2 - (-15)/12). Suppose 0*r + 14 = r + o*b, -3*r = -3*b - 57. What is the tens digit of r?
1
Suppose -t + 4 + 0 = 0. Suppose -2*k = k - 2*s - 25, -32 = -4*k + t*s. What is the units digit of k?
9
What is the units digit of (-15)/5 + (0 - -42)?
9
Suppose -35*t = -28*t - 1827. What is the tens digit of t?
6
What is the tens digit of 11*2 + (-3 - -5)?
2
Let p(i) = i**2 + 7*i + 6. Let x be p(-4). Let b = x + 2. Let d = 12 + b. What is the units digit of d?
8
What is the units digit of (1/2)/((-1)/(-110))?
5
Let h(s) = -4*s**2 - 2*s + 1. Let p be h(-2). Let g = 6 + p. What is the units digit of g/(-2) + 2/4?
3
What is the hundreds digit of 223 + (4/(-8))/((-1)/6)?
2
Let i = 143 - 101. What is the tens digit of i?
4
Suppose 0 = -7*u + 4*u. Suppose 2*d + 0*d - 20 = u. What is the tens digit of d?
1
What is the tens digit of -2 + 47 + -3 + 0?
4
Suppose 2*m - k - 2 + 14 = 0, m + 2*k + 6 = 0. Let s be 6*((-20)/6)/2. Let h = m - s. What is the units digit of h?
4
Suppose 0 = -l + 244 + 111. What is the tens digit of l?
5
Let v = -18 - -17. Suppose 3*i = -3*o - 27, 0 = -2*o + 4*i - 5*i - 21. What is the units digit of o/(-6*v/(-8))?
6
Let k be 3/9 + 89/3. Let z = -16 + k. What is the tens digit of z?
1
Let u = -47 - -3. Let i = -22 - u. What is the tens digit of i?
2
Suppose f + 27 = 4*f. Suppose f + 10 = s. What is the tens digit of s?
1
Let h(j) = -j**3 - j**2 + j - 2. Let l be h(0). What is the units digit of (-1 + l)*(-1)/3?
1
Suppose 0*s = -s + 3. What is the units digit of (-6 - -7)/(1/s)?
3
Let z(v) = v**3 + v + 1. Let m be z(0). Let n be m*6/(1*-3). What is the units digit of (n - (1 + 1))/(-2)?
2
Let t = 10 - 7. Suppose -t*k + 25 = -11. What is the tens digit of ((-3)/2)/(k/(-80))?
1
Let t be 2/5 + 54/15. Suppose 0 = -5*m - 5*f + 50, 0 = t*m - 2*f - f - 61. What is the units digit of m?
3
Suppose 5*n - n - h = 717, -2*n + 353 = 5*h. What is the hundreds digit of n?
1
Let n(m) = -m**3 - 5*m**2 + 2*m. Let v be n(-6). Suppose -4 = -2*d + v. What is the units digit of d?
4
Let u(x) = x**2 - 2*x + 4. Let v be u(3). What is the units digit of (-2)/v + 23/7?
3
Suppose -v = -5*v + 12. Let y be (4/v)/((-12)/(-54)). Suppose -3*m = -27 - y. What is the tens digit of m?
1
Let i(b) = -b + 16. Let a be i(0). What is the tens digit of 9/(-2*(-6)/a)?
1
Suppose -3*i = 2*y - 2, -5*y = 4*i - 3*i + 21. Suppose -4*r + i = -5*h, -5*r + 38 + 8 = 4*h. What is the units digit of r?
6
Let w(l) = -l**3 - l**2 + 2. Let h be w(0). What is the units digit of (-14)/6*(h + -5)?
7
Let f be (0/3)/(1 - -1). Let v be f/(-2) + (-2)/(-1). Suppose -v = -5*o + 18. What is the units digit of o?
4
Suppose q = 3*p - 320, 2*q - 5*q + 120 = p. What is the units digit of p?
8
Let q = 12 + 17. What is the te